{"id":27,"date":"2018-05-31T20:59:12","date_gmt":"2018-05-31T18:59:12","guid":{"rendered":"http:\/\/cyclotandemvaucluse.fr\/?page_id=27"},"modified":"2025-01-08T18:29:56","modified_gmt":"2025-01-08T17:29:56","slug":"nous-contacter","status":"publish","type":"page","link":"https:\/\/cyclotandemvaucluse.fr\/?page_id=27","title":{"rendered":"Nous Contacter\/Nous rejoindre"},"content":{"rendered":"<h3>Cyclo tandem Vaucluse:<\/h3>\n<h3>Nous contacter par mail:<\/h3>\n<h3>contact@cyclotandemvaucluse.fr<\/h3>\n<h3>ou par t\u00e9l\u00e9phone:<\/h3>\n<h3>Philippe IMBERT,\u00a0 responsable<\/h3>\n<h3>06 30 78 40 67<\/h3>\n<p><img loading=\"lazy\" decoding=\"async\" class=\"alignnone size-medium wp-image-221 aligncenter\" src=\"https:\/\/cyclotandemvaucluse.fr\/wp-content\/uploads\/2018\/08\/logo-cyclo-tandem-vaucluse-300x270.png\" alt=\"\" width=\"300\" height=\"270\" srcset=\"https:\/\/cyclotandemvaucluse.fr\/wp-content\/uploads\/2018\/08\/logo-cyclo-tandem-vaucluse-300x270.png 300w, https:\/\/cyclotandemvaucluse.fr\/wp-content\/uploads\/2018\/08\/logo-cyclo-tandem-vaucluse-768x690.png 768w, https:\/\/cyclotandemvaucluse.fr\/wp-content\/uploads\/2018\/08\/logo-cyclo-tandem-vaucluse-1024x920.png 1024w\" sizes=\"auto, (max-width: 300px) 100vw, 300px\" \/><\/p>\n<h2 style=\"text-align: center;\"><span style=\"color: #0000ff;\">Nous rejoindre<\/span><\/h2>\n<h1><span style=\"color: #000000;\"><strong><span style=\"color: #0000ff;\">Renouvellement des licences Handisport 2023\/2024 d\u00e8s le 1er septembre\u00a0<\/span> <\/strong><\/span><\/h1>\n<h3><span style=\"color: #000000;\"><strong>\u00a0\u00a0\u00a0\u00a0\u00a0\u00a0\u00a0\u00a0\u00a0\u00a0\u00a0\u00a0 <img loading=\"lazy\" decoding=\"async\" class=\"alignnone wp-image-219\" src=\"https:\/\/cyclotandemvaucluse.fr\/wp-content\/uploads\/2018\/08\/logo-handisport.png\" alt=\"\" width=\"155\" height=\"32\" \/><br \/>\n<\/strong><\/span><\/h3>\n<p><span style=\"color: #000000;\"><strong>Pour pratiquer le tandem, vous devez fournir un certificat m\u00e9dical datant de moins d\u2019un an \u00e0 la date d\u2019inscription, avec la mention aucune contre-indication \u00e0 la pratique du tandem (et\/ou d\u2019autres activit\u00e9s sportives.)<\/strong><\/span><\/p>\n<p><span style=\"color: #000000;\"><strong>Lien \u00e0 t\u00e9l\u00e9charger et \u00e0 imprimer pour votre certificat m\u00e9dical handisport:<br \/>\n<\/strong><\/span><\/p>\n<p><span style=\"color: #000000;\"><strong><a href=\"http:\/\/www.handisport.org\/documents\/federation\/Affiliation_Certificat-Medical-Handisport_2020-2021.pdf\">http:\/\/www.handisport.org\/documents\/federation\/Affiliation_Certificat-Medical-Handisport_2020-2021.pdf<\/a><\/strong><\/span><\/p>\n<p><span style=\"color: #000000;\"><strong>Joindre un ch\u00e8que de 40 euros \u00e0 l\u2019ordre de l\u2019 A V H.<\/strong><\/span><\/p>\n<p><span style=\"color: #000000;\"><strong>Indiquez vos nom,\u00a0 nom de jeune fille,pr\u00e9nom, adresse, date et lieu de naissance, num\u00e9ro de t\u00e9l\u00e9phone, personne \u00e0 pr\u00e9venir, adresse mail pour une nouvelle adh\u00e9sion.<\/strong><\/span><\/p>\n<p><span style=\"color: #000000;\"><strong>\u00a0<\/strong><\/span><\/p>\n<p><img loading=\"lazy\" decoding=\"async\" class=\" wp-image-1141\" src=\"https:\/\/cyclotandemvaucluse.fr\/wp-content\/uploads\/2019\/12\/tandem-2020-300x212.jpg\" alt=\"\" width=\"1300\" height=\"919\" srcset=\"https:\/\/cyclotandemvaucluse.fr\/wp-content\/uploads\/2019\/12\/tandem-2020-300x212.jpg 300w, https:\/\/cyclotandemvaucluse.fr\/wp-content\/uploads\/2019\/12\/tandem-2020-768x543.jpg 768w, https:\/\/cyclotandemvaucluse.fr\/wp-content\/uploads\/2019\/12\/tandem-2020-1024x724.jpg 1024w\" sizes=\"auto, (max-width: 1300px) 100vw, 1300px\" \/><\/p>\n<h2><span style=\"color: #000000;\"><img loading=\"lazy\" decoding=\"async\" class=\" wp-image-255 aligncenter\" src=\"https:\/\/cyclotandemvaucluse.fr\/wp-content\/uploads\/2018\/08\/IMG_3189-300x200.jpg\" alt=\"\" width=\"503\" height=\"336\" srcset=\"https:\/\/cyclotandemvaucluse.fr\/wp-content\/uploads\/2018\/08\/IMG_3189-300x200.jpg 300w, https:\/\/cyclotandemvaucluse.fr\/wp-content\/uploads\/2018\/08\/IMG_3189-768x512.jpg 768w, https:\/\/cyclotandemvaucluse.fr\/wp-content\/uploads\/2018\/08\/IMG_3189-1024x683.jpg 1024w, https:\/\/cyclotandemvaucluse.fr\/wp-content\/uploads\/2018\/08\/IMG_3189-330x220.jpg 330w\" sizes=\"auto, (max-width: 503px) 100vw, 503px\" \/><\/span><\/h2>\n","protected":false},"excerpt":{"rendered":"<p>Cyclo tandem Vaucluse: Nous contacter par mail: contact@cyclotandemvaucluse.fr ou par t\u00e9l\u00e9phone: Philippe IMBERT,\u00a0 responsable 06 30 78 40 67 Nous rejoindre Renouvellement des licences Handisport 2023\/2024 d\u00e8s le 1er septembre\u00a0 \u00a0\u00a0\u00a0\u00a0\u00a0\u00a0\u00a0\u00a0\u00a0\u00a0\u00a0\u00a0 Pour pratiquer le tandem, vous devez fournir un certificat m\u00e9dical datant de moins d\u2019un an \u00e0 la date d\u2019inscription, avec la mention aucune contre-indication [&hellip;]<\/p>\n","protected":false},"author":1,"featured_media":0,"parent":0,"menu_order":0,"comment_status":"closed","ping_status":"closed","template":"","meta":{"footnotes":""},"class_list":["post-27","page","type-page","status-publish","hentry"],"aioseo_notices":[],"_links":{"self":[{"href":"https:\/\/cyclotandemvaucluse.fr\/index.php?rest_route=\/wp\/v2\/pages\/27","targetHints":{"allow":["GET"]}}],"collection":[{"href":"https:\/\/cyclotandemvaucluse.fr\/index.php?rest_route=\/wp\/v2\/pages"}],"about":[{"href":"https:\/\/cyclotandemvaucluse.fr\/index.php?rest_route=\/wp\/v2\/types\/page"}],"author":[{"embeddable":true,"href":"https:\/\/cyclotandemvaucluse.fr\/index.php?rest_route=\/wp\/v2\/users\/1"}],"replies":[{"embeddable":true,"href":"https:\/\/cyclotandemvaucluse.fr\/index.php?rest_route=%2Fwp%2Fv2%2Fcomments&post=27"}],"version-history":[{"count":19,"href":"https:\/\/cyclotandemvaucluse.fr\/index.php?rest_route=\/wp\/v2\/pages\/27\/revisions"}],"predecessor-version":[{"id":5978,"href":"https:\/\/cyclotandemvaucluse.fr\/index.php?rest_route=\/wp\/v2\/pages\/27\/revisions\/5978"}],"wp:attachment":[{"href":"https:\/\/cyclotandemvaucluse.fr\/index.php?rest_route=%2Fwp%2Fv2%2Fmedia&parent=27"}],"curies":[{"name":"wp","href":"https:\/\/api.w.org\/{rel}","templated":true}]}}