{"id":230,"date":"2018-08-16T19:53:05","date_gmt":"2018-08-16T17:53:05","guid":{"rendered":"http:\/\/cyclotandemvaucluse.fr\/?page_id=230"},"modified":"2018-08-30T20:00:31","modified_gmt":"2018-08-30T18:00:31","slug":"conseils-pour-accompagner-les-deficients-visuels","status":"publish","type":"page","link":"https:\/\/cyclotandemvaucluse.fr\/?page_id=230","title":{"rendered":"Conseils pour accompagner les d\u00e9ficients visuels"},"content":{"rendered":"<p><img loading=\"lazy\" decoding=\"async\" class=\"size-medium wp-image-234 aligncenter\" src=\"https:\/\/cyclotandemvaucluse.fr\/wp-content\/uploads\/2018\/08\/01-2015-300x200.jpg\" alt=\"\" width=\"300\" height=\"200\" srcset=\"https:\/\/cyclotandemvaucluse.fr\/wp-content\/uploads\/2018\/08\/01-2015-300x200.jpg 300w, https:\/\/cyclotandemvaucluse.fr\/wp-content\/uploads\/2018\/08\/01-2015-768x512.jpg 768w, https:\/\/cyclotandemvaucluse.fr\/wp-content\/uploads\/2018\/08\/01-2015-330x220.jpg 330w, https:\/\/cyclotandemvaucluse.fr\/wp-content\/uploads\/2018\/08\/01-2015.jpg 780w\" sizes=\"auto, (max-width: 300px) 100vw, 300px\" \/><\/p>\n<h2 style=\"text-align: center;\"><strong>Faire du tandem avec une personne d\u00e9ficiente visuelle<\/strong><\/h2>\n<p>&nbsp;<\/p>\n<h3><strong>Ces quelques conseils vous aideront si vous souhaitez accompagner une personne non ou mal voyante.<\/strong><\/h3>\n<p>&nbsp;<\/p>\n<p><strong>Allez au-devant de la personne et pr\u00e9sentez-vous\u00a0: votre voix est essentielle, le d\u00e9ficient visuel \u00a0va rapidement\u00a0 vous rep\u00e9rer et vous identifier\u00a0! D\u00e9crivez-vous\u00a0: cela permettra \u00e0 la personne de vous reconna\u00eetre plus facilement, (ex\u00a0: la personne qui habite dans le Gard, o\u00f9 celle qui fait de la plong\u00e9e, etc\u2026). N\u2019h\u00e9sitez pas \u00e0 lui demander quel est son degr\u00e9 d\u2019acuit\u00e9 visuelle et\/ou sa pathologie, vous pourrez l\u2019accompagner plus facilement si vous connaissez ses besoins.<\/strong><\/p>\n<p><strong>Certaines personnes sont autonomes et n\u2019ont besoin d\u2019aide que dans des cas pr\u00e9cis tels qu\u2019une forte luminosit\u00e9, une route ou un chemin en mauvais \u00e9tat, la p\u00e9nombre\u2026Il faudra leur proposer votre aide, si besoin.<\/strong><\/p>\n<p><strong>Pour les personnes aveugles ou tr\u00e8s malvoyantes, on pourra leur proposer le bras\u00a0 pour les aider dans leurs d\u00e9placements (gauche pour les droitiers, et inversement)\u00a0; souvent les non-voyants utiliseront leur canne blanche de l\u2019autre main, mais auront besoin de vous pour les guider, notamment en arrivant sur le lieu de d\u00e9part ou lors des arr\u00eats, au moment du d\u00e9jeuner, pour aller aux toilettes\u2026<\/strong><\/p>\n<p><strong>Soyez vigilants\u00a0: ne laissez pas tra\u00eener vos sacs ou vos outils\u00a0; anticipez les dangers potentiels\u00a0!<\/strong><\/p>\n<p><strong>Lorsqu\u2019on vous attribuera un tandem, il sera n\u00e9cessaire de r\u00e9gler les selles, de v\u00e9rifier la taille du casque\u00a0; veillez \u00e0 ce que la personne ait une gourde remplie d\u2019eau avant de d\u00e9marrer.<\/strong><\/p>\n<p><strong>Durant la balade, n\u2019h\u00e9sitez pas \u00e0 \u00ab\u00a0papoter\u00a0\u00bb\u00a0: la personne appr\u00e9ciera de savoir quels lieux vous traversez, vous pouvez d\u00e9crire le paysage o\u00f9 les endroits insolites, parler de tout et de rien si vous le souhaitez.<\/strong><\/p>\n<p><strong>Mais n\u2019oubliez pas d\u2019anticiper les \u00ab\u00a0impr\u00e9vus\u00a0\u00bb, tels que les arr\u00eats intempestifs, les dos d\u2019\u00e2ne, les feux de circulation, les c\u00f4tes difficiles et les virages, \u2026 votre partenaire appr\u00e9ciera de ne pas \u00eatre surpris\u00a0!<\/strong><\/p>\n<p><strong>Si vous d\u00e9jeunez au restaurant, vous pouvez lire le menu \u00e0 la personne, et lui<\/strong><\/p>\n<p><strong>indiquer \u00a0les tarifs.<\/strong><\/p>\n<p><strong>Lorsque le serveur am\u00e8nera l\u2019assiette, pour aider la personne, il suffira de lui d\u00e9crire son contenu et l\u2019emplacement des diff\u00e9rents ingr\u00e9dients\u00a0: la viande en haut de l\u2019assiette (ou \u00e0 12h), les frites en bas (ou \u00e0 6h), la salade \u00e0 droite (ou au quart) etc.\u00a0; il suffira alors de lui indiquer ses couverts pour que la personne puisse s\u2019organiser\u00a0!<\/strong><\/p>\n<p><strong>A la fin de la journ\u00e9e, assurez-vous que l\u2019on vienne chercher la personne\u00a0 avant de la quitter.<\/strong><\/p>\n<p><strong>N\u2019oubliez pas\u00a0: l\u2019essentiel est de communiquer.<\/strong><\/p>\n<p><strong>Avec ces quelques conseils, la personne passera une belle journ\u00e9e en votre compagnie\u00a0!<\/strong><\/p>\n<p><strong>Et vous serez s\u00fbrement conquis par la bonne humeur qui r\u00e8gne dans notre joyeuse \u00e9quipe\u00a0!<\/strong><\/p>\n<p>&nbsp;<\/p>\n<p style=\"text-align: center;\"><strong>** ********<\/strong><\/p>\n<p><strong><em>Commentaires<\/em><\/strong><\/p>\n<p><em>Vous pouvez laisser un commentaire par mail \u00e0 contact@cyclotandemvaucluse.fr<\/em><\/p>\n<p>&nbsp;<\/p>\n<p><strong>\u00ab\u00a0Le pilote du tandem n\u2019est pas simplement une personne qui p\u00e9dale \u00e0 l\u2019avant du tandem, c\u2019est un guide qui nous accompagne \u00e0 chaque instant\u00a0\u00bb .<\/strong><\/p>\n<p><strong><em>Jean-Paul, non-voyant<\/em><\/strong><\/p>\n<p>**********<\/p>\n<p class=\"x_MsoNormal\"><strong>\u00ab\u00a0Piloter un tandem avec une personne malvoyante ou non-voyante est une aventure riche en \u00e9motions.\u00a0<\/strong><\/p>\n<p class=\"x_MsoNormal\"><strong>Nous voici partis de bon matin sur des trajets toujours minutieusement pr\u00e9par\u00e9s par Jean-Paul qui doit avoir des relations sp\u00e9ciales avec H\u00e9lios car il s\u2019arrange toujours pour que le soleil soit de la partie. Essai de selles, partage d\u2019un caf\u00e9 ou d\u2019un petit g\u00e2teau confectionn\u00e9 par Patricia, Angelica ou les autres. Bonne humeur et joie de vivre sont de rigueur. Tout au long de la balade, nous bavardons joyeusement et m\u00eame parfois s\u00e9rieusement\u00a0! Aucun sujet n\u2019est tabou, de la politique \u00e0 la vie de famille, des grands bonheurs aux petits soucis, des recettes de cuisine aux exp\u00e9riences de bricolage, du dernier livre lu au prochain film en salle&#8230;<\/strong><\/p>\n<p><strong>Bref, piloter un tandem avec une personne malvoyante ou non-voyante c\u2019est avant tout une histoire d\u2019\u00e9change et de partage, d\u2019amiti\u00e9 et de complicit\u00e9.\u00a0\u00bb<\/strong><\/p>\n<p class=\"x_MsoNormal\"><em><strong>Herv\u00e9,pilote<\/strong><\/em><\/p>\n<p>**********<\/p>\n<p>&nbsp;<\/p>\n<p>&nbsp;<\/p>\n<p>&nbsp;<\/p>\n<p>&nbsp;<\/p>\n","protected":false},"excerpt":{"rendered":"<p>Faire du tandem avec une personne d\u00e9ficiente visuelle &nbsp; Ces quelques conseils vous aideront si vous souhaitez accompagner une personne non ou mal voyante. &nbsp; Allez au-devant de la personne et pr\u00e9sentez-vous\u00a0: votre voix est essentielle, le d\u00e9ficient visuel \u00a0va rapidement\u00a0 vous rep\u00e9rer et vous identifier\u00a0! D\u00e9crivez-vous\u00a0: cela permettra \u00e0 la personne de vous reconna\u00eetre [&hellip;]<\/p>\n","protected":false},"author":1,"featured_media":0,"parent":0,"menu_order":0,"comment_status":"closed","ping_status":"closed","template":"","meta":{"footnotes":""},"class_list":["post-230","page","type-page","status-publish","hentry"],"aioseo_notices":[],"_links":{"self":[{"href":"https:\/\/cyclotandemvaucluse.fr\/index.php?rest_route=\/wp\/v2\/pages\/230","targetHints":{"allow":["GET"]}}],"collection":[{"href":"https:\/\/cyclotandemvaucluse.fr\/index.php?rest_route=\/wp\/v2\/pages"}],"about":[{"href":"https:\/\/cyclotandemvaucluse.fr\/index.php?rest_route=\/wp\/v2\/types\/page"}],"author":[{"embeddable":true,"href":"https:\/\/cyclotandemvaucluse.fr\/index.php?rest_route=\/wp\/v2\/users\/1"}],"replies":[{"embeddable":true,"href":"https:\/\/cyclotandemvaucluse.fr\/index.php?rest_route=%2Fwp%2Fv2%2Fcomments&post=230"}],"version-history":[{"count":9,"href":"https:\/\/cyclotandemvaucluse.fr\/index.php?rest_route=\/wp\/v2\/pages\/230\/revisions"}],"predecessor-version":[{"id":265,"href":"https:\/\/cyclotandemvaucluse.fr\/index.php?rest_route=\/wp\/v2\/pages\/230\/revisions\/265"}],"wp:attachment":[{"href":"https:\/\/cyclotandemvaucluse.fr\/index.php?rest_route=%2Fwp%2Fv2%2Fmedia&parent=230"}],"curies":[{"name":"wp","href":"https:\/\/api.w.org\/{rel}","templated":true}]}}