{"id":20,"date":"2018-05-31T20:21:21","date_gmt":"2018-05-31T18:21:21","guid":{"rendered":"http:\/\/cyclotandemvaucluse.fr\/?page_id=20"},"modified":"2025-03-18T15:13:04","modified_gmt":"2025-03-18T14:13:04","slug":"calendrier-des-sorties","status":"publish","type":"page","link":"https:\/\/cyclotandemvaucluse.fr\/?page_id=20","title":{"rendered":"Calendrier"},"content":{"rendered":"<div class=\"x_x_moz-forward-container\">\n<div id=\"x_x_divtagdefaultwrapper\" dir=\"ltr\">\n<div>\n<div>\n<div class=\"x_x_x_moz-forward-container\">\n<div id=\"x_x_x_divtagdefaultwrapper\" dir=\"ltr\">\n<div>\n<div>\n<div class=\"x_x_x_x_moz-forward-container\">\n<div class=\"x_x_x_x_moz-forward-container\">\n<div class=\"x_x_x_x_moz-forward-container\">\n<div class=\"x_x_x_x_moz-forward-container\">\n<div id=\"x_x_x_x_divtagdefaultwrapper\" dir=\"ltr\">\n<h1><img loading=\"lazy\" decoding=\"async\" class=\"alignnone  wp-image-3236\" src=\"https:\/\/cyclotandemvaucluse.fr\/wp-content\/uploads\/2022\/06\/alsace-168-225x300.jpg\" alt=\"\" width=\"990\" height=\"1320\" srcset=\"https:\/\/cyclotandemvaucluse.fr\/wp-content\/uploads\/2022\/06\/alsace-168-225x300.jpg 225w, https:\/\/cyclotandemvaucluse.fr\/wp-content\/uploads\/2022\/06\/alsace-168-768x1024.jpg 768w, https:\/\/cyclotandemvaucluse.fr\/wp-content\/uploads\/2022\/06\/alsace-168.jpg 960w\" sizes=\"auto, (max-width: 990px) 100vw, 990px\" \/><\/h1>\n<h1><span style=\"color: #000000;\">\u00a0<\/span><\/h1>\n<h1><span style=\"color: #ff6600;\">Prochaine sortie samedi 29 mars<br \/>\n<\/span><\/h1>\n<h1><span style=\"color: #ff6600;\"><strong>Dans le cadre de Mars Bleu au profit de la lutte contre le cancer colorectal<\/strong><\/span><\/h1>\n<p><strong>D<\/strong><span style=\"color: #000000;\"><strong>\u00e9part de B\u00e9doin, 75 kms, 1500d\u00e9n+<\/strong><\/span><\/p>\n<h2 style=\"text-align: center;\"><span style=\"color: #0000ff;\">**********<\/span><\/h2>\n<div dir=\"ltr\">\n<h1><span style=\"color: #0000ff;\"><u>Calendrier des sorties et activit\u00e9s tandem pr\u00e9vues en <span style=\"color: #000000;\">2<span style=\"color: #ff6600;\">0<\/span>2<span style=\"color: #ff6600;\">5<\/span><\/span><b><br \/>\n<\/b><\/u><\/span><\/h1>\n<\/div>\n<div>\n<div><\/div>\n<\/div>\n<div>\n<h1>*<span style=\"color: #0000ff;\">Activit\u00e9s r\u00e9guli\u00e8res<\/span>:<\/h1>\n<\/div>\n<div dir=\"ltr\">\n<h2><span style=\"color: #000000;\"><strong>Des informations compl\u00e9mentaires vous seront donn\u00e9es avant chaque sortie ou s\u00e9jour*2 Sorties mensuelles;Les sorties seront adapt\u00e9es \u00e0 tous c&rsquo;est \u00e0 dire :<\/strong><\/span><br \/>\n<span style=\"color: #000000;\"><strong>Premi\u00e8re partie facile le matin, possibilit\u00e9 de continuer l&rsquo;apr\u00e8s-midi pour ceux qui le souhaitent<\/strong><\/span><br \/>\n<span style=\"color: #000000;\"><strong>&#8211; deuxi\u00e8me jeudi de chaque mois<\/strong><\/span><br \/>\n<span style=\"color: #000000;\"><strong>&#8211; Dernier samedi de chaque mois(Sous r\u00e9serve de l&rsquo;\u00e9volution de la situation sanitaire)* Prochaines sorties :<\/strong><\/span><\/h2>\n<p class=\"x_MsoNormal\" data-olk-copy-source=\"MessageBody\">\u00a0*<strong>F\u00e9vrier 2025\u00a0:<\/strong><\/p>\n<p class=\"x_MsoNormal\"><strong>Jeudi 13\u00a0: balade dans les crus propos\u00e9e par Michel<\/strong><\/p>\n<p class=\"x_MsoNormal\"><strong>Samedi 22\u00a0: \u00a0sortie le long du Calaison propos\u00e9e par Antonio.<\/strong><\/p>\n<p class=\"x_MsoNormal\"><strong>\u00a0*Mars 2025 :<\/strong><\/p>\n<p class=\"x_MsoNormal\"><strong>Jeudi 13\u00a0: Jean-Jacques et Serge proposent un beau tour pour ce jour-l\u00e0.<\/strong><\/p>\n<p class=\"x_MsoNormal\"><strong>Samedi 29\u00a0: \u00ab\u00a0Mars Bleu\u00a0\u00bb ne sera pas propos\u00e9 cette ann\u00e9e. Un itin\u00e9raire de remplacement est en cours d\u2019\u00e9laboration au d\u00e9part de Rognonnas. Les informations suivront gr\u00e2ce \u00e0 Serge.<\/strong><\/p>\n<p class=\"x_MsoNormal\"><strong>*Avril :<\/strong><\/p>\n<p class=\"x_MsoNormal\"><strong>Jeudi 10\u00a0: Tour du Vaccaires pr\u00e9vu par Jean-Jacques.<\/strong><\/p>\n<p class=\"x_MsoNormal\"><strong>Sortie en souvenir de Patrice qui tenait \u00e0 ce circuit.<\/strong><\/p>\n<p class=\"x_MsoNormal\"><strong>Samedi 26\u00a0: pas de sortie, remplac\u00e9e par le dimanche 27\u00a0: F\u00eate des voies vertes du Vaucluse. Voir ci-dessous.<\/strong><\/p>\n<p class=\"x_MsoNormal\"><strong>\u00a0Manifestations propos\u00e9es : <\/strong><\/p>\n<p class=\"x_MsoNormal\"><strong>Dimanche 27 avril\u00a0: f\u00eate des voies vertes du Vaucluse.<\/strong><\/p>\n<p class=\"x_MsoNormal\"><strong>Cette ann\u00e9e celle du Calaison sera \u00e0 l\u2019honneur. Possibilit\u00e9 de tenir un stand \u00e0 c\u00f4t\u00e9 de V\u00e9lo loisirs Provence \u00e0 Robin \u2013 encore \u00e0 confirmer par le comit\u00e9 ad hoc<\/strong><\/p>\n<p class=\"x_MsoNormal\"><strong>E\u00a0 <a title=\"https:\/\/forms.gle\/zgUEWbeeVW1R9yoeA\" href=\"https:\/\/forms.gle\/zgUEWbeeVW1R9yoeA\" target=\"_blank\" rel=\"noopener noreferrer\" data-auth=\"NotApplicable\" data-linkindex=\"0\">https:\/\/forms.gle\/zgUEWbeeVW1R9yoeA<\/a><\/strong><\/p>\n<p class=\"x_MsoNormal\"><strong>Dimanche 25 mai\u00a0: visite en selle \u2013 Entre Chapelles et Vergers<\/strong><\/p>\n<p class=\"x_MsoNormal\"><strong>Petite balade de 10 km \u00e0 partir de Malm\u00e8ne. D\u00e9part 14h30 devant l\u2019office de tourisme vers Beaumont du Venteux.<\/strong><\/p>\n<p class=\"x_MsoNormal\"><strong><a title=\"https:\/\/www.provence-a-velo.fr\/equipements\/mont-ventoux\/17-entre-chapelles-et-vergers\/provence-4606193-1.html\" href=\"https:\/\/www.provence-a-velo.fr\/equipements\/mont-ventoux\/17-entre-chapelles-et-vergers\/provence-4606193-1.html\" target=\"_blank\" rel=\"noopener noreferrer\" data-auth=\"NotApplicable\" data-linkindex=\"1\">17 &#8211; Entre Chapelles et Vergers &#8211; Malm\u00e8ne &#8211; Loisirs sportifs &#8211; La Provence \u00e0 V\u00e9lo<\/a><\/strong><\/p>\n<p class=\"x_MsoNormal\"><strong>\u00a0S\u00e9jour tandem du 1<sup>et<\/sup> au 6 juin \u00e0 Andrzej.<\/strong><\/p>\n<p class=\"x_MsoNormal\"><strong>Dimanche 1<sup>et<\/sup> juin d\u00e9part de Villeneuve l\u00e8s Avignon sur les tandems direction Andrzej, environ 80 km. Retour le vendredi 6 juin par les m\u00eames moyens.<\/strong><\/p>\n<p class=\"x_MsoNormal\"><strong>Nous sommes 22 inscrits. Les inscriptions sont closes.<\/strong><\/p>\n<p class=\"x_MsoNormal\"><strong>\u00a0Samedi 14 juin manifestation \u00ab\u00a0cap ou pas cap\u00a0\u00bb \u00e0 Cavaillon.<\/strong><\/p>\n<p class=\"x_MsoNormal\"><strong>Pr\u00e9sentation et essai de diff\u00e9rents handisports propos\u00e9s dans la r\u00e9gion.<\/strong><\/p>\n<p class=\"x_MsoNormal\"><strong>\u00a0Du 13 au 15 juin \u00ab\u00a0la Victorienne\u00a0\u00bb organis\u00e9e par l\u2019AV Jura. (voir annexes)<\/strong><\/p>\n<p class=\"x_MsoNormal\"><strong>Balade le samedi et le dimanche parmi les vertes prairies et les bois des monts du Jura. (Voir annexes)<\/strong><\/p>\n<p class=\"x_MsoNormal\"><strong><u>Inscription personnelle, <\/u><\/strong><\/p>\n<p class=\"x_MsoNormal\"><strong><u>Cl\u00f4ture des inscriptions : 1et mai 2025<\/u><\/strong><\/p>\n<p class=\"x_MsoNormal\"><strong>\u00a0<i>(inscriptions prises dans l\u2019ordre chronologique d\u2019arriv\u00e9e de l\u2019inscription + ch\u00e8que d\u2019arrhes)<\/i><\/strong><\/p>\n<p class=\"x_MsoNormal\"><strong>Du 28 sept au 3 octobre\u00a0: Les roses du Sud<\/strong><\/p>\n<p class=\"x_MsoNormal\"><strong>P\u00e9dalons ensemble pour le cancer du sein.<\/strong><\/p>\n<p class=\"x_MsoNormal\"><strong>De cavaillon \u00e0 S\u00e8te en v\u00e9lo\/tandem musculaire.<\/strong><\/p>\n<p class=\"x_MsoNormal\"><strong>Entre 40 et 50 km par jour.<\/strong><\/p>\n<p class=\"x_MsoNormal\"><strong>\u00a030 ans du tour du Auberon : en juin ou septembre 25.\u00a0<\/strong><\/p>\n<p class=\"x_MsoNormal\"><strong>\u00a0Voici une partie du programme pour les prochains mois, \u00e0 vous de vous positionner.<\/strong><\/p>\n<h1><strong>\u00a0<\/strong><\/h1>\n<\/div>\n<\/div>\n<\/div>\n<\/div>\n<\/div>\n<\/div>\n<\/div>\n<\/div>\n<\/div>\n<\/div>\n<\/div>\n<\/div>\n<\/div>\n<\/div>\n","protected":false},"excerpt":{"rendered":"<p>\u00a0 Prochaine sortie samedi 29 mars Dans le cadre de Mars Bleu au profit de la lutte contre le cancer colorectal D\u00e9part de B\u00e9doin, 75 kms, 1500d\u00e9n+ ********** Calendrier des sorties et activit\u00e9s tandem pr\u00e9vues en 2025 *Activit\u00e9s r\u00e9guli\u00e8res: Des informations compl\u00e9mentaires vous seront donn\u00e9es avant chaque sortie ou s\u00e9jour*2 Sorties mensuelles;Les sorties seront adapt\u00e9es [&hellip;]<\/p>\n","protected":false},"author":1,"featured_media":0,"parent":0,"menu_order":0,"comment_status":"closed","ping_status":"closed","template":"","meta":{"footnotes":""},"class_list":["post-20","page","type-page","status-publish","hentry"],"aioseo_notices":[],"_links":{"self":[{"href":"https:\/\/cyclotandemvaucluse.fr\/index.php?rest_route=\/wp\/v2\/pages\/20","targetHints":{"allow":["GET"]}}],"collection":[{"href":"https:\/\/cyclotandemvaucluse.fr\/index.php?rest_route=\/wp\/v2\/pages"}],"about":[{"href":"https:\/\/cyclotandemvaucluse.fr\/index.php?rest_route=\/wp\/v2\/types\/page"}],"author":[{"embeddable":true,"href":"https:\/\/cyclotandemvaucluse.fr\/index.php?rest_route=\/wp\/v2\/users\/1"}],"replies":[{"embeddable":true,"href":"https:\/\/cyclotandemvaucluse.fr\/index.php?rest_route=%2Fwp%2Fv2%2Fcomments&post=20"}],"version-history":[{"count":181,"href":"https:\/\/cyclotandemvaucluse.fr\/index.php?rest_route=\/wp\/v2\/pages\/20\/revisions"}],"predecessor-version":[{"id":6097,"href":"https:\/\/cyclotandemvaucluse.fr\/index.php?rest_route=\/wp\/v2\/pages\/20\/revisions\/6097"}],"wp:attachment":[{"href":"https:\/\/cyclotandemvaucluse.fr\/index.php?rest_route=%2Fwp%2Fv2%2Fmedia&parent=20"}],"curies":[{"name":"wp","href":"https:\/\/api.w.org\/{rel}","templated":true}]}}